 the units digit of 813?
3
What is the tens digit of 2098?
9
What is the units digit of 26224?
4
What is the hundreds digit of 5644?
6
What is the tens digit of 18094?
9
What is the ten thousands digit of 123718?
2
What is the units digit of 18949?
9
What is the units digit of 46985?
5
What is the thousands digit of 4372?
4
What is the hundreds digit of 43746?
7
What is the thousands digit of 5021?
5
What is the units digit of 46763?
3
What is the units digit of 2505?
5
What is the units digit of 12491?
1
What is the units digit of 32909?
9
What is the hundreds digit of 15895?
8
What is the thousands digit of 4618?
4
What is the thousands digit of 4550?
4
What is the units digit of 12490?
0
What is the ten thousands digit of 58490?
5
What is the units digit of 3969?
9
What is the tens digit of 28705?
0
What is the units digit of 26826?
6
What is the units digit of 10022?
2
What is the units digit of 92404?
4
What is the thousands digit of 84045?
4
What is the units digit of 874?
4
What is the hundreds digit of 141654?
6
What is the ten thousands digit of 87270?
8
What is the thousands digit of 7798?
7
What is the hundreds digit of 233?
2
What is the hundreds digit of 455?
4
What is the tens digit of 1253?
5
What is the hundreds digit of 25216?
2
What is the hundreds digit of 3044?
0
What is the tens digit of 132255?
5
What is the units digit of 29566?
6
What is the hundreds digit of 22532?
5
What is the hundreds digit of 466?
4
What is the units digit of 73290?
0
What is the units digit of 38204?
4
What is the units digit of 4024?
4
What is the hundreds digit of 3832?
8
What is the units digit of 31816?
6
What is the thousands digit of 1668?
1
What is the tens digit of 567?
6
What is the tens digit of 45545?
4
What is the units digit of 165054?
4
What is the tens digit of 993?
9
What is the hundreds digit of 18310?
3
What is the units digit of 14126?
6
What is the tens digit of 16260?
6
What is the tens digit of 5118?
1
What is the tens digit of 811?
1
What is the units digit of 20773?
3
What is the hundreds digit of 616?
6
What is the thousands digit of 7247?
7
What is the hundreds digit of 4024?
0
What is the hundreds digit of 856?
8
What is the hundreds digit of 34267?
2
What is the hundreds digit of 292?
2
What is the units digit of 133660?
0
What is the hundreds digit of 78408?
4
What is the tens digit of 312?
1
What is the hundreds digit of 30695?
6
What is the hundreds digit of 3803?
8
What is the tens digit of 37303?
0
What is the units digit of 400?
0
What is the units digit of 1901?
1
What is the hundreds digit of 4917?
9
What is the hundreds digit of 15297?
2
What is the units digit of 71975?
5
What is the units digit of 1942?
2
What is the units digit of 8623?
3
What is the hundreds digit of 1598?
5
What is the thousands digit of 1613?
1
What is the tens digit of 20616?
1
What is the thousands digit of 16085?
6
What is the hundreds digit of 115521?
5
What is the thousands digit of 72383?
2
What is the hundreds digit of 64293?
2
What is the hundreds digit of 12746?
7
What is the hundreds digit of 3908?
9
What is the tens digit of 41213?
1
What is the thousands digit of 1909?
1
What is the hundreds digit of 55239?
2
What is the thousands digit of 21828?
1
What is the thousands digit of 1200?
1
What is the tens digit of 4033?
3
What is the units digit of 2426?
6
What is the tens digit of 7446?
4
What is the ten thousands digit of 105508?
0
What is the tens digit of 1795?
9
What is the units digit of 20901?
1
What is the units digit of 1808?
8
What is the ten thousands digit of 64142?
6
What is the units digit of 115?
5
What is the units digit of 23450?
0
What is the hundreds digit of 18909?
9
What is the units digit of 101377?
7
What is the units digit of 58929?
9
What is the ten thousands digit of 40793?
4
What is the thousands digit of 1374?
1
What is the thousands digit of 4980?
4
What is the hundreds digit of 3896?
8
What is the hundreds digit of 3396?
3
What is the units digit of 49418?
8
What is the ten thousands digit of 89841?
8
What is the units digit of 6912?
2
What is the units digit of 29775?
5
What is the ten thousands digit of 33326?
3
What is the ten thousands digit of 80483?
8
What is the units digit of 14554?
4
What is the units digit of 3514?
4
What is the hundreds digit of 9866?
8
What is the tens digit of 2919?
1
What is the units digit of 76369?
9
What is the thousands digit of 1753?
1
What is the tens digit of 6187?
8
What is the units digit of 63193?
3
What is the tens digit of 4674?
7
What is the hundreds digit of 796?
7
What is the tens digit of 920?
2
What is the units digit of 2419?
9
What is the hundreds digit of 15141?
1
What is the units digit of 2776?
6
What is the tens digit of 44939?
3
What is the units digit of 28407?
7
What is the tens digit of 1342?
4
What is the tens digit of 2912?
1
What is the ten thousands digit of 29542?
2
What is the units digit of 13280?
0
What is the hundreds digit of 16003?
0
What is the units digit of 3782?
2
What is the tens digit of 8270?
7
What is the units digit of 8926?
6
What is the thousands digit of 5485?
5
What is the thousands digit of 26921?
6
What is the ten thousands digit of 20418?
2
What is the tens digit of 3622?
2
What is the thousands digit of 1480?
1
What is the hundreds digit of 5120?
1
What is the thousands digit of 39435?
9
What is the units digit of 37396?
6
What is the units digit of 817?
7
What is the tens digit of 915?
1
What is the tens digit of 10535?
3
What is the tens digit of 1534?
3
What is the thousands digit of 3755?
3
What is the ten thousands digit of 13788?
1
What is the tens digit of 2894?
9
What is the tens digit of 29387?
8
What is the hundreds digit of 2858?
8
What is the thousands digit of 2140?
2
What is the units digit of 4318?
8
What is the thousands digit of 5639?
5
What is the units digit of 12636?
6
What is the tens digit of 802?
0
What is the thousands digit of 5757?
5
What is the tens digit of 18064?
6
What is the hundreds digit of 1500?
5
What is the hundreds digit of 2181?
1
What is the tens digit of 80076?
7
What is the thousands digit of 17904?
7
What is the thousands digit of 2507?
2
What is the thousands digit of 13054?
3
What is the tens digit of 40428?
2
What is the ten thousands digit of 84748?
8
What is the thousands digit of 1268?
1
What is the hundreds digit of 1468?
4
What is the hundreds digit of 310?
3
What is the thousands digit of 9997?
9
What is the hundreds digit of 864?
8
What is the tens digit of 102221?
2
What is the units digit of 34808?
8
What is the tens digit of 73274?
7
What is the hundreds digit of 4687?
6
What is the thousands digit of 21356?
1
What is the units digit of 2839?
9
What is the thousands digit of 100451?
0
What is the units digit of 10?
0
What is the units digit of 355?
5
What is the tens digit of 311?
1
What is the hundreds digit of 1459?
4
What is the units digit of 49042?
2
What is the tens digit of 5172?
7
What is the units digit of 7166?
6
What is the units digit of 51256?
6
What is the thousands digit of 6179?
6
What is the units digit of 6231?
1
What is the thousands digit of 3768?
3
What is the ten thousands digit of 25422?
2
What is the units digit of 37322?
2
What is the units digit of 3700?
0
What is the hundreds digit of 10514?
5
What is the units digit of 6761?
1
What is the thousands digit of 1480?
1
What is the units digit of 28717?
7
What is the ten thousands digit of 98054?
9
What is the thousands digit of 5386?
5
What is the tens digit of 3594?
9
What is the tens digit of 1189?
8
What is the tens digit of 80125?
2
What is the hundreds digit of 87120?
1
What is the tens digit of 74745?
4
What is the tens digit of 8165?
6
What is the hundreds digit of 89515?
5
What is the thousands digit of 13611?
3
What is the tens digit of 33495?
9
What is the hundreds digit of 5359?
3
What is the units digit of 1715?
5
What is the ten thousands digit of 54153?
5
What is the hundreds digit of 1884?
8
What is the thousands digit of 11235?
1
What is the units digit of 11700?
0
What is the units digit of 46584?
4
What is the units digit of 4557?
7
What is the hundreds digit of 6635?
6
What is the tens digit of 2588?
8
What is the thousands digit of 2813?
2
What is the units digit